{"id":3,"date":"2026-01-18T17:19:23","date_gmt":"2026-01-18T17:19:23","guid":{"rendered":"https:\/\/neu.pc-aarberg.ch\/?page_id=3"},"modified":"2026-01-18T22:02:30","modified_gmt":"2026-01-18T22:02:30","slug":"privacy-policy","status":"publish","type":"page","link":"https:\/\/neu.pc-aarberg.ch\/index.php\/privacy-policy\/","title":{"rendered":"Datenschutz"},"content":{"rendered":"\n<p><strong>Datenschutzerkl\u00e4rung Website Pistolenclub Aarberg<\/strong><\/p>\n\n\n\n<p>Diese Datenschutzerkl\u00e4rung entspricht den Anforderungen des revidierten Schweizer Datenschutzgesetzes (revDSG). Der Pistolenclub Aarberg informiert Sie dar\u00fcber:<\/p>\n\n\n\n<ul class=\"wp-block-list\">\n<li>Welche Daten \u00fcber Sie verarbeitet werden;<\/li>\n\n\n\n<li>Zu welchem Zweck der Verein dies tut;<\/li>\n\n\n\n<li>Welche Rechte Sie in Bezug auf Ihre Daten haben und<\/li>\n\n\n\n<li>Wie Sie uns kontaktieren k\u00f6nnen.<\/li>\n<\/ul>\n\n\n\n<p>Durch die Nutzung dieser Webseite erkl\u00e4ren Sie sich mit der Erhebung, Verarbeitung und Nutzung von Daten gem\u00e4ss der nachfolgenden Beschreibung einverstanden.<\/p>\n\n\n\n<p>Die Website der Pistolenclub Aarberg kann grunds\u00e4tzlich ohne Registrierung besucht werden. Dabei werden Daten wie beispielsweise aufgerufene Seiten bzw. Namen der abgerufenen Datei, Datum und Uhrzeit zu statistischen Zwecken auf dem Server gespeichert, ohne dass diese Daten unmittelbar auf Ihre Person bezogen werden. Personenbezogene Daten, insbesondere Name, Adresse oder E-Mail-Adresse werden auf freiwilliger Basis erhoben, sollten Sie sich f\u00fcr eine Mitgliedschaft im Verein interessieren oder sonstige Anfragen haben. Ohne Ihre Einwilligung erfolgt keine Weitergabe der Daten an Dritte.<\/p>\n\n\n\n<p><strong>Verantwortlichkeit f\u00fcr die Datenverarbeitung<\/strong><\/p>\n\n\n\n<p>Verantwortlich f\u00fcr die hier beschriebene Datenbearbeitungen ist der Pistolenclub Aarberg; die Kontaktadresse finden Sie im Impressum.<\/p>\n\n\n\n<p><strong>Erhebung und Bearbeitung von Personaldaten<\/strong><\/p>\n\n\n\n<p>Der Verein erhebt nur Personendaten, die wir von Ihnen selbst erhalten. Personendaten bearbeiten umfasst: den Umgang mit Personendaten, das Aufbewahren, Bekanntgeben, Beschaffen, L\u00f6schen, Speichern, Ver\u00e4ndern, Vernichten und Verwenden.<\/p>\n\n\n\n<p>Ihre Personendaten werden vom Verein verarbeitet und gespeichert, solange es f\u00fcr die Erf\u00fcllung der vereinbarten und gesetzlichen Aufbewahrungs- und Dokumentationspflichten oder f\u00fcr die Bearbeitung der Zwecke des Vereins erforderlich ist. Soweit wir nicht aufgrund einer gesetzlichen Bestimmung zur Bearbeitung von Personendaten verpflichtet sind oder, weil wir ein \u00fcberwiegendes Interesse an der Bearbeitung Ihrer Daten haben, holen wir f\u00fcr die Bearbeitung Ihrer Daten Ihre Einwilligung ein.<\/p>\n\n\n\n<p><strong>Zwecke der Datenbearbeitung und Rechtsgrundlagen<\/strong><\/p>\n\n\n\n<p>Soweit Sie uns eine Einwilligung zur Bearbeitung Ihrer Personaldaten f\u00fcr bestimmte Zwecke erteilt haben (zum Beispiel bei Ihrer Anmeldung zum Erhalt von Newslettern oder Versand von Werbematerial), bearbeiten wir Ihre Personendaten im Rahmen und gest\u00fctzt auf diese Einwilligung, soweit wir keine andere Rechtsgrundlage haben und wir eine solche ben\u00f6tigen. Eine erteilte Einwilligung kann jederzeit widerrufen werden, was jedoch keine Auswirkung auf bereits erfolgte Datenbearbeitungen hat.<\/p>\n\n\n\n<p><strong>Cookies \/ Tracking und andere Technologien im Zusammenhang mit der Nutzung unserer Website<\/strong><\/p>\n\n\n\n<p>Beim Zugriff auf unsere Websites werden bei uns folgende Verbindungsdaten zeitlich beschr\u00e4nkt in Logfiles gespeichert: IP-Adresse, Datum, Uhrzeit, Browser-Anfrage und allgemeine \u00fcbertragene Informationen zum Betriebssystem resp. Browser. Diese Verbindungsdaten bilden die Basis f\u00fcr statistische, anonyme Auswertungen. Daf\u00fcr werden Cookies eingesetzt. Sie k\u00f6nnen Ihren Browser so einstellen, dass er Cookies zur\u00fcckweist, nur f\u00fcr eine Sitzung speichert oder sonst vorzeitig l\u00f6scht.<\/p>\n\n\n\n<p>Unsere Website wird von Emmewebhosting gehostet, deren Server sich in der Schweiz befinden.<\/p>\n\n\n\n<p><strong>Kontaktanfragen<\/strong><\/p>\n\n\n\n<p>Sie k\u00f6nnen \u00fcber E-Mail mit uns in Kontakt treten und Anfragen an uns richten. Die Personendaten, welche Sie dabei \u00fcbermitteln, bearbeiten wir auf der Grundlage unserer berechtigten Interessen an der Bearbeitung von Personendaten zur Bearbeitung Ihres konkreten Anliegens. Wir speichern diese Daten so lange es erforderlich ist, um Ihre Anfrage beantworten zu k\u00f6nnen oder dies zur Erf\u00fcllung von weiteren gesetzlichen Pflichten erforderlich ist.<\/p>\n\n\n\n<p><strong>WhatsApp-Chat<\/strong><\/p>\n\n\n\n<p>Der Pistolenclub Aarberg informiert \u00fcber aktuelle Anl\u00e4sse auch \u00fcber einen WhatsApp-Chat. Im Rahmen der Verwendung des WhatsApp-Chats, werden Profilname, gegebenenfalls Profilbild, Telefonnummer, sowie weitere von Ihnen zur Verf\u00fcgung gestellten Daten und Inhalte bearbeitet.<\/p>\n\n\n\n<p>Der Pistolenclub Aarberg hat keinen Einfluss auf die Bearbeitung Ihrer Personendaten durch WhatsApp. Weitere Informationen betreffend die Bearbeitung Ihrer Personendaten durch WhatsApp k\u00f6nnen den <a href=\"https:\/\/www.whatsapp.com\/legal\/privacy-policy-eea\">Datenschutzhinweisen von WhatsApp<\/a> entnommen werden.<\/p>\n\n\n\n<p><strong>Dauer der Aufbewahrung von Personendaten<\/strong><\/p>\n\n\n\n<p>Wir verarbeiten und speichern Ihre Personendaten, solange es f\u00fcr die Erf\u00fcllung unserer vertraglichen und gesetzlichen Pflichten oder sonst die mit der Bearbeitung verfolgten Zwecke erforderlich ist, sowie dar\u00fcber hinaus gem\u00e4ss den gesetzlichen Aufbewahrungs- und Dokumentationspflichten.<\/p>\n\n\n\n<p><strong>Datensicherheit<\/strong><\/p>\n\n\n\n<p>In Zusammenarbeit mit unseren Hosting-Providern bem\u00fchen wir uns, die Datenbanken so gut wie m\u00f6glich vor fremden Zugriffen, Verlusten, Missbrauch oder vor F\u00e4lschung zu sch\u00fctzen.<\/p>\n\n\n\n<p>Wir weisen darauf hin, dass die Daten\u00fcbertragung im Internet (z.B. bei der Kommunikation per E-Mail) Sicherheitsl\u00fccken aufweisen kann. Ein l\u00fcckenloser Schutz der Daten vor dem Zugriff durch Dritte ist nicht m\u00f6glich.<\/p>\n\n\n\n<p><strong>Ihre Rechte<\/strong><\/p>\n\n\n\n<p>Sie haben das Recht, jederzeit bei uns Auskunft, Berichtigung, L\u00f6schung Ihrer Personendaten oder die Einschr\u00e4nkung einer bestimmten Datenbearbeitung zu verlangen sowie Ihre Einwilligung zu einer bestimmten Datenbearbeitung zu widerrufen.<\/p>\n\n\n\n<p>Wir machen Sie darauf aufmerksam, dass gewisse gesetzliche Vorbehalte diese Rechte einschr\u00e4nken k\u00f6nnen, etwa gesetzliche Bearbeitungs- oder Aufbewahrungspflichten (z.B. bei der Buchhaltung) oder ein \u00fcberwiegendes Interesse, auf das wir uns berufen k\u00f6nnen (z.B. Geheimhaltungs- oder Archivinteresse).<\/p>\n\n\n\n<p><strong>\u00c4nderungen<\/strong><\/p>\n\n\n\n<p>Wir k\u00f6nnen diese Datenschutzerkl\u00e4rung jederzeit ohne Vorank\u00fcndigung anpassen. Es gilt die jeweils aktuelle, auf unserer Website publizierte Fassung.<\/p>\n","protected":false},"excerpt":{"rendered":"<p>Datenschutzerkl\u00e4rung Website Pistolenclub Aarberg Diese Datenschutzerkl\u00e4rung entspricht den Anforderungen des revidierten Schweizer Datenschutzgesetzes (revDSG). Der Pistolenclub Aarberg informiert Sie dar\u00fcber: Durch die Nutzung dieser Webseite erkl\u00e4ren Sie sich mit der Erhebung, Verarbeitung und Nutzung von Daten gem\u00e4ss der nachfolgenden Beschreibung einverstanden. Die Website der Pistolenclub Aarberg kann grunds\u00e4tzlich ohne Registrierung besucht werden. Dabei werden Daten [&hellip;]<\/p>\n","protected":false},"author":1,"featured_media":0,"parent":0,"menu_order":0,"comment_status":"closed","ping_status":"open","template":"","meta":{"footnotes":""},"class_list":["post-3","page","type-page","status-publish","hentry"],"yoast_head":"<!-- This site is optimized with the Yoast SEO plugin v27.2 - https:\/\/yoast.com\/product\/yoast-seo-wordpress\/ -->\n<title>Datenschutz - Pistolenclub Aarberg<\/title>\n<meta name=\"robots\" content=\"index, follow, max-snippet:-1, max-image-preview:large, max-video-preview:-1\" \/>\n<link rel=\"canonical\" href=\"https:\/\/neu.pc-aarberg.ch\/index.php\/privacy-policy\/\" \/>\n<meta property=\"og:locale\" content=\"de_DE\" \/>\n<meta property=\"og:type\" content=\"article\" \/>\n<meta property=\"og:title\" content=\"Datenschutz - Pistolenclub Aarberg\" \/>\n<meta property=\"og:description\" content=\"Datenschutzerkl\u00e4rung Website Pistolenclub Aarberg Diese Datenschutzerkl\u00e4rung entspricht den Anforderungen des revidierten Schweizer Datenschutzgesetzes (revDSG). Der Pistolenclub Aarberg informiert Sie dar\u00fcber: Durch die Nutzung dieser Webseite erkl\u00e4ren Sie sich mit der Erhebung, Verarbeitung und Nutzung von Daten gem\u00e4ss der nachfolgenden Beschreibung einverstanden. Die Website der Pistolenclub Aarberg kann grunds\u00e4tzlich ohne Registrierung besucht werden. Dabei werden Daten [&hellip;]\" \/>\n<meta property=\"og:url\" content=\"https:\/\/neu.pc-aarberg.ch\/index.php\/privacy-policy\/\" \/>\n<meta property=\"og:site_name\" content=\"Pistolenclub Aarberg\" \/>\n<meta property=\"article:modified_time\" content=\"2026-01-18T22:02:30+00:00\" \/>\n<meta name=\"twitter:card\" content=\"summary_large_image\" \/>\n<meta name=\"twitter:label1\" content=\"Gesch\u00e4tzte Lesezeit\" \/>\n\t<meta name=\"twitter:data1\" content=\"4\u00a0Minuten\" \/>\n<script type=\"application\/ld+json\" class=\"yoast-schema-graph\">{\"@context\":\"https:\/\/schema.org\",\"@graph\":[{\"@type\":\"WebPage\",\"@id\":\"https:\/\/neu.pc-aarberg.ch\/index.php\/privacy-policy\/\",\"url\":\"https:\/\/neu.pc-aarberg.ch\/index.php\/privacy-policy\/\",\"name\":\"Datenschutz - Pistolenclub Aarberg\",\"isPartOf\":{\"@id\":\"https:\/\/neu.pc-aarberg.ch\/#website\"},\"datePublished\":\"2026-01-18T17:19:23+00:00\",\"dateModified\":\"2026-01-18T22:02:30+00:00\",\"breadcrumb\":{\"@id\":\"https:\/\/neu.pc-aarberg.ch\/index.php\/privacy-policy\/#breadcrumb\"},\"inLanguage\":\"de\",\"potentialAction\":[{\"@type\":\"ReadAction\",\"target\":[\"https:\/\/neu.pc-aarberg.ch\/index.php\/privacy-policy\/\"]}]},{\"@type\":\"BreadcrumbList\",\"@id\":\"https:\/\/neu.pc-aarberg.ch\/index.php\/privacy-policy\/#breadcrumb\",\"itemListElement\":[{\"@type\":\"ListItem\",\"position\":1,\"name\":\"Start\",\"item\":\"https:\/\/neu.pc-aarberg.ch\/\"},{\"@type\":\"ListItem\",\"position\":2,\"name\":\"Datenschutz\"}]},{\"@type\":\"WebSite\",\"@id\":\"https:\/\/neu.pc-aarberg.ch\/#website\",\"url\":\"https:\/\/neu.pc-aarberg.ch\/\",\"name\":\"Pistolenclub Aarberg\",\"description\":\"\",\"publisher\":{\"@id\":\"https:\/\/neu.pc-aarberg.ch\/#organization\"},\"potentialAction\":[{\"@type\":\"SearchAction\",\"target\":{\"@type\":\"EntryPoint\",\"urlTemplate\":\"https:\/\/neu.pc-aarberg.ch\/?s={search_term_string}\"},\"query-input\":{\"@type\":\"PropertyValueSpecification\",\"valueRequired\":true,\"valueName\":\"search_term_string\"}}],\"inLanguage\":\"de\"},{\"@type\":\"Organization\",\"@id\":\"https:\/\/neu.pc-aarberg.ch\/#organization\",\"name\":\"Pistolenclub Aarberg\",\"url\":\"https:\/\/neu.pc-aarberg.ch\/\",\"logo\":{\"@type\":\"ImageObject\",\"inLanguage\":\"de\",\"@id\":\"https:\/\/neu.pc-aarberg.ch\/#\/schema\/logo\/image\/\",\"url\":\"https:\/\/neu.pc-aarberg.ch\/wp-content\/uploads\/2026\/02\/image0-2.png\",\"contentUrl\":\"https:\/\/neu.pc-aarberg.ch\/wp-content\/uploads\/2026\/02\/image0-2.png\",\"width\":1536,\"height\":1024,\"caption\":\"Pistolenclub Aarberg\"},\"image\":{\"@id\":\"https:\/\/neu.pc-aarberg.ch\/#\/schema\/logo\/image\/\"}}]}<\/script>\n<!-- \/ Yoast SEO plugin. -->","yoast_head_json":{"title":"Datenschutz - Pistolenclub Aarberg","robots":{"index":"index","follow":"follow","max-snippet":"max-snippet:-1","max-image-preview":"max-image-preview:large","max-video-preview":"max-video-preview:-1"},"canonical":"https:\/\/neu.pc-aarberg.ch\/index.php\/privacy-policy\/","og_locale":"de_DE","og_type":"article","og_title":"Datenschutz - Pistolenclub Aarberg","og_description":"Datenschutzerkl\u00e4rung Website Pistolenclub Aarberg Diese Datenschutzerkl\u00e4rung entspricht den Anforderungen des revidierten Schweizer Datenschutzgesetzes (revDSG). Der Pistolenclub Aarberg informiert Sie dar\u00fcber: Durch die Nutzung dieser Webseite erkl\u00e4ren Sie sich mit der Erhebung, Verarbeitung und Nutzung von Daten gem\u00e4ss der nachfolgenden Beschreibung einverstanden. Die Website der Pistolenclub Aarberg kann grunds\u00e4tzlich ohne Registrierung besucht werden. Dabei werden Daten [&hellip;]","og_url":"https:\/\/neu.pc-aarberg.ch\/index.php\/privacy-policy\/","og_site_name":"Pistolenclub Aarberg","article_modified_time":"2026-01-18T22:02:30+00:00","twitter_card":"summary_large_image","twitter_misc":{"Gesch\u00e4tzte Lesezeit":"4\u00a0Minuten"},"schema":{"@context":"https:\/\/schema.org","@graph":[{"@type":"WebPage","@id":"https:\/\/neu.pc-aarberg.ch\/index.php\/privacy-policy\/","url":"https:\/\/neu.pc-aarberg.ch\/index.php\/privacy-policy\/","name":"Datenschutz - Pistolenclub Aarberg","isPartOf":{"@id":"https:\/\/neu.pc-aarberg.ch\/#website"},"datePublished":"2026-01-18T17:19:23+00:00","dateModified":"2026-01-18T22:02:30+00:00","breadcrumb":{"@id":"https:\/\/neu.pc-aarberg.ch\/index.php\/privacy-policy\/#breadcrumb"},"inLanguage":"de","potentialAction":[{"@type":"ReadAction","target":["https:\/\/neu.pc-aarberg.ch\/index.php\/privacy-policy\/"]}]},{"@type":"BreadcrumbList","@id":"https:\/\/neu.pc-aarberg.ch\/index.php\/privacy-policy\/#breadcrumb","itemListElement":[{"@type":"ListItem","position":1,"name":"Start","item":"https:\/\/neu.pc-aarberg.ch\/"},{"@type":"ListItem","position":2,"name":"Datenschutz"}]},{"@type":"WebSite","@id":"https:\/\/neu.pc-aarberg.ch\/#website","url":"https:\/\/neu.pc-aarberg.ch\/","name":"Pistolenclub Aarberg","description":"","publisher":{"@id":"https:\/\/neu.pc-aarberg.ch\/#organization"},"potentialAction":[{"@type":"SearchAction","target":{"@type":"EntryPoint","urlTemplate":"https:\/\/neu.pc-aarberg.ch\/?s={search_term_string}"},"query-input":{"@type":"PropertyValueSpecification","valueRequired":true,"valueName":"search_term_string"}}],"inLanguage":"de"},{"@type":"Organization","@id":"https:\/\/neu.pc-aarberg.ch\/#organization","name":"Pistolenclub Aarberg","url":"https:\/\/neu.pc-aarberg.ch\/","logo":{"@type":"ImageObject","inLanguage":"de","@id":"https:\/\/neu.pc-aarberg.ch\/#\/schema\/logo\/image\/","url":"https:\/\/neu.pc-aarberg.ch\/wp-content\/uploads\/2026\/02\/image0-2.png","contentUrl":"https:\/\/neu.pc-aarberg.ch\/wp-content\/uploads\/2026\/02\/image0-2.png","width":1536,"height":1024,"caption":"Pistolenclub Aarberg"},"image":{"@id":"https:\/\/neu.pc-aarberg.ch\/#\/schema\/logo\/image\/"}}]}},"_links":{"self":[{"href":"https:\/\/neu.pc-aarberg.ch\/index.php\/wp-json\/wp\/v2\/pages\/3","targetHints":{"allow":["GET"]}}],"collection":[{"href":"https:\/\/neu.pc-aarberg.ch\/index.php\/wp-json\/wp\/v2\/pages"}],"about":[{"href":"https:\/\/neu.pc-aarberg.ch\/index.php\/wp-json\/wp\/v2\/types\/page"}],"author":[{"embeddable":true,"href":"https:\/\/neu.pc-aarberg.ch\/index.php\/wp-json\/wp\/v2\/users\/1"}],"replies":[{"embeddable":true,"href":"https:\/\/neu.pc-aarberg.ch\/index.php\/wp-json\/wp\/v2\/comments?post=3"}],"version-history":[{"count":1,"href":"https:\/\/neu.pc-aarberg.ch\/index.php\/wp-json\/wp\/v2\/pages\/3\/revisions"}],"predecessor-version":[{"id":31,"href":"https:\/\/neu.pc-aarberg.ch\/index.php\/wp-json\/wp\/v2\/pages\/3\/revisions\/31"}],"wp:attachment":[{"href":"https:\/\/neu.pc-aarberg.ch\/index.php\/wp-json\/wp\/v2\/media?parent=3"}],"curies":[{"name":"wp","href":"https:\/\/api.w.org\/{rel}","templated":true}]}}